 o?
5
Let t(f) = f**2 + f - 3. Let w = -17 - -21. What is the units digit of t(w)?
7
Let t = 11 - 15. Let q(p) = -5*p - 3. What is the units digit of q(t)?
7
Let d(b) = -4 + 2 + b - 1 - 3*b. What is the units digit of d(-3)?
3
Let a(y) = 1. Let i(h) = 10*h - 5. Let d(b) = 3*a(b) + i(b). What is the units digit of d(3)?
8
Suppose 2*t + 3*t = -3*v + 218, -5*t + 226 = v. What is the tens digit of t?
4
Suppose -4 = -3*o - 5*v + 4, -2*o + 1 = -v. Let m(w) = -w - 4. Let a be m(-6). Let y = o + a. What is the units digit of y?
3
What is the units digit of 10 + -6 - -34*1?
8
Let i = -63 - -96. Let b = i - 15. What is the tens digit of b?
1
Suppose 3*a = a + 24. Suppose 5*r - b - 3*b = -12, 4*r + a = 4*b. Suppose r = -4*c + g - 0 + 5, g - 3 = -4*c. What is the units digit of c?
1
Suppose 0 = 4*y + 67 - 227. What is the units digit of y?
0
What is the hundreds digit of (0 + (-151)/(-2))/(1/2)?
1
Suppose 2*x + 0*x - 24 = 0. Suppose -27 = -q - 4*j + x, 170 = 4*q + 2*j. What is the tens digit of q?
4
Suppose 246 = 2*y + 2*f, 0*y + 615 = 5*y + f. What is the units digit of y?
3
Let v(x) = -3 + 0 - 1 - x + 5. What is the units digit of v(-8)?
9
Suppose 5 = r - v, 2*r + 5*v = -3*r + 35. What is the units digit of r?
6
Suppose 0 = 9*d - 14*d + 445. What is the tens digit of d?
8
Suppose -4*l = 2*i - 0*i - 18, 0 = 3*i + 3*l - 18. Suppose 2 - 4 = -x. Suppose 8 = o + x*c, -i*o + 26 = -o - c. What is the units digit of o?
2
Let o(f) = 2*f + 4. Let l be o(-4). Let b(p) be the second derivative of p**4/12 + p**3/6 - 2*p**2 + p. What is the units digit of b(l)?
8
Suppose -b = 5*z + 18 - 40, -5*b - 2*z = -18. Suppose m - b*m + 9 = 0. What is the units digit of m?
9
Let m = -78 - -148. What is the tens digit of m?
7
Suppose -5*h + 2*n + 6 - 1 = 0, 4*h = 3*n + 4. What is the tens digit of (-2*1)/(h/(-5))?
1
Let t(n) be the first derivative of 2*n**2 - n + 4. What is the units digit of t(4)?
5
Let b(r) = 4*r**3 + r - 3. Let l(d) = 3*d**3 - d**2 + 2*d - 2. Let m(a) = 4*b(a) - 5*l(a). Let o be m(-6). What is the units digit of o/3*(-1 - 2)?
2
Suppose 0 = 3*q - 4*c - 2 - 0, -2*c + 14 = -4*q. Let i = q - -8. Suppose 5*a - w - 46 = 0, 0*w + 16 = 2*a + i*w. What is the units digit of a?
9
Let l = 3 + -3. Suppose -4*v + v = -3*a - 3, l = -5*v + 2*a + 2. Suppose 0 = -5*x - v + 5. What is the units digit of x?
1
Suppose b - 62 = -2*y - 0*y, -b = 5*y - 161. What is the units digit of y?
3
Let j = -4 - 0. Suppose 5*g = -5*i, -4*g - i + 3*i + 30 = 0. Let w = g + j. What is the units digit of w?
1
Suppose 4*u + 4*s - 4 = 0, -14 + 4 = 2*u + 5*s. Suppose u*h + q = -3*q - 22, 4*h + 2 = 2*q. Let c = h + 8. What is the units digit of c?
6
Let i = 1 + 3. Let s be (-2 - i)/(12/16). Let h = s + 11. What is the units digit of h?
3
Let z(v) = v**3 + 5*v**2 + 3*v - 4. Let j = 5 + -8. What is the units digit of z(j)?
5
Suppose -6 = -2*o, 0*h + h - 3 = -o. Let i(r) = 3*r**2 - 1. Let v be i(1). Suppose h = v*s - 20. What is the tens digit of s?
1
Let b(u) = 231*u**2 + 2*u - 3. What is the hundreds digit of b(1)?
2
Let n(g) = 9*g**2 - 2*g + 1. Let h = -6 + 12. Let o be 4/h*(-3)/(-2). What is the units digit of n(o)?
8
Let c(g) = g**2 - g + 1. Let x(v) = 3*v**2 - 7*v + 4. Let o(f) = -2*c(f) + x(f). What is the units digit of o(5)?
2
Let h be 0/(((-9)/(-3))/(-3)). Suppose m - 5*m - 16 = h. What is the units digit of (8/(-12))/(m/42)?
7
Let l(c) = 4*c - 23. What is the tens digit of l(15)?
3
Let u(q) = q**3 + 6*q**2 + 4*q - 2. Let l be u(-5). Suppose 7 = l*j + 1. What is the units digit of (3/(-5))/(j/(-50))?
5
Let s = -3 + 7. Let z = s + -9. What is the units digit of 43/5 - 2/z?
9
Suppose 2*c + 5*s = -0*s, -5*s - 10 = 0. Suppose 5*b - 83 = k, -2*b + c*k + 0 = -24. What is the units digit of b?
7
Let i(q) = 3*q - 5. Let f = -4 + 8. Let d be i(f). What is the units digit of ((-1)/(-2))/(d/28)?
2
Let k = 702 - 405. What is the tens digit of k?
9
Let w(k) = 49*k**2 + k - 1. What is the units digit of w(1)?
9
What is the units digit of ((-532)/20)/(0 - (-1)/(-5))?
3
Suppose -570 = 13*a - 2351. What is the tens digit of a?
3
Let q(w) = 3*w. Let n be q(-1). Let d(p) = -5*p - p + 3*p. What is the units digit of d(n)?
9
Let o(t) = -t**3 + 7*t + 6. Let a(g) = -3*g**3 - g**2 + 20*g + 18. Let m(d) = 4*a(d) - 11*o(d). What is the units digit of m(-5)?
6
Let q be (-24)/(-9) + 4/(-6). Suppose -q*n - 4*p = -2*p, -3*n - 10 = 5*p. What is the units digit of n?
5
Suppose -v + 3*x - 15 = 0, 3*v - x - 3*x + 30 = 0. What is the units digit of 2/3 - 44/v?
8
Suppose 61 = 5*d - 89. What is the tens digit of d?
3
Suppose 2*w + 3*w + 11 = 2*s, 0 = 3*w + 3. Suppose -4 = -s*d + 2. What is the tens digit of (5 - 1)/(d/5)?
1
Let i(a) = 6*a + 93. What is the tens digit of i(0)?
9
Suppose 0 = 4*t - t - 36. What is the units digit of t?
2
Let x(v) = -v - 5. Let z be x(-8). Suppose z*h = 6*h - 45. What is the tens digit of h?
1
Suppose 74 = g + 29. What is the tens digit of g?
4
Let v(m) = m**3 - 6*m**2 - 3*m + 4. Let i be v(5). Let c = -14 - i. What is the tens digit of c?
2
Suppose 302 = 4*y + 114. Suppose 41 = 2*d - y. What is the units digit of d?
4
Let g be 3/3 - 7*1. Let z be (16/g)/(3/(-9)). Let t(x) = -x + 16. What is the units digit of t(z)?
8
Let t(p) be the first derivative of -11*p**2/2 + p - 6. Let s be 2/7 - 18/14. What is the tens digit of t(s)?
1
Suppose 13*o - 15*o + 110 = 0. What is the units digit of o?
5
Suppose 0 = -0*b - b + 4*t + 20, 0 = b + 2*t - 2. What is the units digit of b?
8
Suppose 42 = -21*v + 27*v. What is the units digit of v?
7
Let r(b) = b**3 - 4*b**2 - 3. Let m be r(4). What is the tens digit of 32*m*(-1)/6?
1
Suppose -i + 4 = -4*v, 0 = -2*v + 2*i + 3*i - 2. Let x be (3/6)/((-1)/4). What is the units digit of (-20)/(2*v) + x?
8
Let r(l) = 3*l - 7. Let g be r(5). Suppose 0 = 3*s - 9, -3*q + 1 = -2*s - g. What is the units digit of q?
5
What is the tens digit of (1 - 78/(-8))*4?
4
Let j(i) = -390*i**3 + i**2 + i - 1. What is the units digit of j(-1)?
9
Let g = -85 + 147. What is the tens digit of g?
6
Suppose -2*n + 7 + 39 = 0. What is the units digit of n?
3
Let j(m) be the third derivative of 5*m**4/4 - m**3/3 + 3*m**2. What is the units digit of j(1)?
8
Let s be (-52)/(-5) - 6/15. Suppose -2*i = -0 - s, 3*f - 4*i + 8 = 0. What is the units digit of f?
4
Suppose 234 = 3*h - 5*w + 14, -5*h + 5*w + 380 = 0. What is the units digit of h?
0
Suppose 4*j = 4*a + 360, 3 = -2*j + 3*a + 178. What is the tens digit of j?
9
Let t(w) be the first derivative of 3*w**2/2 - 5*w + 2. What is the units digit of t(4)?
7
Let p = 30 + 119. What is the units digit of p?
9
Suppose 0*m - 5*a - 1345 = -5*m, 2*m = -5*a + 566. What is the hundreds digit of m?
2
Suppose 0 = 5*m - 15, 4*p + 3*m = -m + 84. Let c = p + 4. What is the tens digit of c?
2
Suppose 474 = 3*g - s, -2*g - 4*s + 280 = -22. What is the hundreds digit of g?
1
Let z = 177 + -99. What is the units digit of z?
8
Suppose 0*b = -b + 26. Let n = -19 + b. What is the units digit of n?
7
Suppose -3*c + 3 = 15. Let g = c - 0. What is the units digit of 5 + g - (2 - 8)?
7
Let x be (-3)/(-2) + (-83)/(-2). Suppose -4*w = r - 31, -7*w + 3*r + x = -2*w. What is the units digit of w?
8
Suppose -5*v + 3*v + 164 = 0. What is the tens digit of v?
8
Suppose 4*p - 2*g - 296 = 3*g, -268 = -4*p - 2*g. What is the units digit of p?
9
Let u(g) = g**3 + 2 - 1 + g - 5*g**2 - 1 + 4. Let z be u(5). Suppose 1 = 5*m - z. What is the units digit of m?
2
Let m = 7 + -6. Let j = 2 - m. What is the units digit of j?
1
Let g(o) = -4*o + 5 + 2*o**2 - 2 - 5. Let k be 212/(-44) + 5 - (-42)/11. What is the units digit of g(k)?
4
Let h(i) be the second derivative of i**3/3 - 15*i**2/2 - 5*i. What is the units digit of h(11)?
7
Let v = 54 + -103. Let q = -17 + v. What is the tens digit of (q/(-9))/((-2)/(-3))?
1
What is the units digit of ((125 + -1)/4)/1?
1
Let i(f) = -f**2 + 4*f - 1. Let v be i(2). Suppose -1 = -v*q - 19. What is the units digit of (1 + -2)*q/2?
3
Let r be 3 - 3 - 1 - -1. Suppose r = x + b - 1 - 1, 5*b = 0. What is the units digit of x?
2
Suppose -r = 3 + 5. Suppose 0 = -4*t - 16 - 4. Let c = t - r. What is the units digit of c?
3
Suppose -2*m + 5*q = -36, -3*m + 4*q + 31 = -23. Let w be 5/((-20)/(-116))*1. Let c = w - m. What is the units digit of c?
1
Let d(k) = 7*k**